ose -11 = 5*i - 6, -5*o - 3*i + 47 = 0. Suppose 9*d - o*d = -206. What are the prime factors of d?
2, 103
Let l(f) = 4*f**2 + 12*f + 11. Let a be l(-5). Let z = 53 - a. What are the prime factors of z?
2
What are the prime factors of (10 + (11 - 15))*(-1195)/(-2)?
3, 5, 239
Suppose -3*w = 5*s - 0*w - 91, 0 = 4*s - w - 83. What are the prime factors of 15/s*-26*4/(-6)?
13
Suppose -2*p + 6*p = 11152. What are the prime factors of p?
2, 17, 41
Let x(m) be the third derivative of -m**6/120 + 2*m**5/15 + m**4/12 - 2*m**3/3 - 12*m**2. List the prime factors of x(8).
2, 3
Let j = 1 + 4. Let k = 27 + j. List the prime factors of k.
2
List the prime factors of (20 - 12)/(5/10).
2
Let i(q) = q + q + 0 - 5 + 2*q. Let n be i(7). Suppose 0 = g + 3*r - n, -3*r - 59 = -3*g + 34. List the prime factors of g.
29
Let w be (-1)/(8/(-9) - -1). Let d(g) = -4*g - 52. Let v(f) = -f - 13. Let l(b) = w*v(b) + 2*d(b). What are the prime factors of l(-10)?
3
Let g(o) = 23*o + 31. Let b(p) = -12*p - 15. Let f(x) = 5*b(x) + 3*g(x). Let n be f(-6). Let v = n - -55. What are the prime factors of v?
19
Let n = 4 + -4. Suppose 2*h - 8 = 0, -t + 55 = -n*t + h. What are the prime factors of t?
3, 17
Let q(t) = 8*t**2 + 8*t - 121. List the prime factors of q(17).
13, 179
Let f(u) = -u**2 + 3*u + 22. Let w be f(5). Let m(s) be the first derivative of -s**3/3 + 6*s**2 + 6*s + 2. List the prime factors of m(w).
2, 3
Suppose -22*k + 21428 = 6996. List the prime factors of k.
2, 41
Let w be (6 + (4 - 8))/(2/2). Suppose 28 = w*l - l + 2*v, 2*l = -3*v + 53. List the prime factors of l.
2, 11
Let m(l) = l**3 - 26*l**2 + 9*l - 12. Let g = -13 - -39. What are the prime factors of m(g)?
2, 3, 37
Let u be (-58)/(-6) + 2/(-3). Suppose 0 = -u*z + 11*z - 30. Suppose -3*d - 4*s + 42 = z, 0 = 5*s. List the prime factors of d.
3
Suppose -2006 - 269 = -5*i. List the prime factors of i.
5, 7, 13
Let b(h) = -h**3 - 10*h**2 + 11*h + 3. Let r be b(-11). Let u be -1 - (-9 + 3 + r). Let n(x) = 2*x**3 - 2*x**2 + 3*x - 1. What are the prime factors of n(u)?
13
Suppose -747 = -14*x + 11*x. What are the prime factors of x?
3, 83
Let l(h) = 15*h**2 - 8*h - 11. Let c be l(-5). Suppose -5*p = 7*w - 3*w - c, 0 = -2*p - 3*w + 163. What are the prime factors of p?
2, 5
Let c be ((-3)/(-2))/((-2)/(-4)). Suppose 0 = -7*i + 180 + 275. Suppose -5*t = 5*b - i, 2*b + t - 49 = -c*b. What are the prime factors of b?
3
Let x(c) = -15*c + 1. Let w be x(-1). Suppose 3*k - w = -4. Suppose -14 = -k*g - 6. What are the prime factors of g?
2
Suppose -2*r = -3 - 23. Let o(z) = z**3 - 14*z**2 + 14*z + 18. List the prime factors of o(r).
31
Suppose 6*b + 2 = 32. Suppose -363 + 1068 = b*p. What are the prime factors of p?
3, 47
Let d = 529 - 313. Suppose 5*m - 2*m - 5*k = d, -4*k = -m + 65. Let n = -53 + m. List the prime factors of n.
2, 3
Let w be 22 - (0 - (-4 + 1)). Suppose -3*c - 70 + w = -3*h, 3*c + 70 = 4*h. What are the prime factors of h?
19
Let b be (-2)/6*2889/(-9). Suppose -2*r = -7*r + 20, -5*j + 3*r = b. What are the prime factors of -2 + -2 + 6 - j?
3, 7
Suppose 2*v - 216 + 140 = 0. List the prime factors of v.
2, 19
Let z = -19 - -23. Suppose -3*u = z*u - 2212. What are the prime factors of u?
2, 79
Let o(f) = f - 12. Let z be o(12). Suppose -5*c + 5 = z, 2*i = -i - 2*c + 224. List the prime factors of i.
2, 37
Let q(o) = 5*o**2 + o - 66. What are the prime factors of q(11)?
2, 5, 11
Let q = 26 - 36. Let o be (2 + -3)/(4/(-80)). What are the prime factors of (18/q)/((-6)/o)?
2, 3
Let w(q) = -4*q + 2*q**2 + q - q**2 + 2. Let k be w(2). Suppose k = -n - 3*n + 204. What are the prime factors of n?
3, 17
Let k(a) = 17*a**2 + 20*a + 19. What are the prime factors of k(-8)?
947
Suppose -25*g + 73251 = 3951. List the prime factors of g.
2, 3, 7, 11
Let k(l) = 17*l - 5. Let q = -57 + 61. What are the prime factors of k(q)?
3, 7
Suppose 5*a + 2*t - 2346 = 0, -3*a + 0*t + 1413 = 3*t. List the prime factors of a.
2, 3, 13
Suppose 0 = -7*p + 14 + 14. List the prime factors of p/10 + 926/10.
3, 31
Suppose -8*p - 162 + 2322 = 0. What are the prime factors of p?
2, 3, 5
Suppose -4*c - 2*c - 12 = 0. List the prime factors of (-2)/(-2*c/(-122)).
61
Let q(j) = 3*j - 7. Let l be q(7). Suppose -l = -3*r + r. Let p(w) = w - 1. What are the prime factors of p(r)?
2, 3
Let p(j) be the third derivative of -j**6/24 - j**5/15 - 5*j**4/24 - j**3/2 + 16*j**2. List the prime factors of p(-2).
31
Let h(u) = u**3 + 11*u**2 + 11*u + 8. Let z be h(-10). Let n = 2 - z. What are the prime factors of (0 - -23)*1 - n?
19
Let o(j) = j**3 + j**2 - j. Let h be o(1). Let n(v) = 28*v**3. List the prime factors of n(h).
2, 7
Let h = 784 + -353. Let n = h - 256. Suppose -5*b - n = -5*i, 3*b - 12 + 0 = 0. What are the prime factors of i?
3, 13
List the prime factors of (-18)/(-216) + 2780/48.
2, 29
Let o(l) = -l**3 + 11*l**2 - 25. Let i be o(11). Let n = i + 55. What are the prime factors of n?
2, 3, 5
Suppose -5*s = -0*s. Suppose s = -3*q + 8 + 19. What are the prime factors of q?
3
What are the prime factors of 2132 + 30/(9 - -1)?
5, 7, 61
Suppose -3*r = 2*r + v - 1888, -5*v + 1146 = 3*r. List the prime factors of r.
13, 29
Let b(x) = -2*x**2 - 21*x - 50. Let j be b(-7). Let y = -16 - 10. List the prime factors of (39/y)/(j/46).
3, 23
Suppose -6*h = -r - h + 895, 5*r - 3*h = 4563. What are the prime factors of r?
3, 5, 61
Let x(n) = n**3 + 5*n**2 + n + 2. Let r be x(-5). Let d(u) be the first derivative of 5*u**3/3 + 3*u**2/2 + 5*u + 51. What are the prime factors of d(r)?
41
Let r = 4124 - 1476. What are the prime factors of r?
2, 331
Suppose 0 = 2*d + 6, -189 = -4*q + 6*d - 3*d. What are the prime factors of q?
3, 5
Suppose 3*q = -14 - 13. What are the prime factors of 12/q*1*-24?
2
Suppose 2*m + 20 = 5*n - 81, 0 = 5*n + m - 107. Suppose -18*r - 378 = -n*r. What are the prime factors of r?
2, 3, 7
Let a = 42 + -9. Let m = a - -194. Suppose -23 = -5*t + m. What are the prime factors of t?
2, 5
Let c(m) be the third derivative of -m**5/60 + m**4/4 + m**3/6 - 29*m**2. Suppose h - 2 = 3. List the prime factors of c(h).
2, 3
Let i be 1/(-3)*(-3 + -42). Suppose -i - 24 = -x. What are the prime factors of x?
3, 13
Suppose 0 = 6*b - 2*b + 64. What are the prime factors of (-1182)/b + 4/32?
2, 37
Let m(y) = 42 - 42 - 16*y. Let j be m(1). What are the prime factors of j/(6/9*-3)?
2
Let m(w) = w**3 - 20*w**2 + 17*w + 34. Let f be m(19). Let a(x) = -7*x - 3. Let h be a(-2). Let c = h - f. List the prime factors of c.
3, 5
Suppose 0 = 17*f + 26*f - 28251. What are the prime factors of f?
3, 73
Let d(v) = v**3 - 1. Let u(z) = -3*z**3 - 12*z**2 - 17*z - 13. Let p(k) = -4*d(k) - u(k). What are the prime factors of p(11)?
5, 13
Let x = -24 - 4. Let n(z) = 7*z**2 - 14*z + 18. Let b be n(4). Let r = x + b. List the prime factors of r.
2, 23
Suppose 5*p - 3*i + 905 = 259, 5*p + 5*i = -670. Let n = p + 238. What are the prime factors of n?
107
Let w(l) = -l**3 - 17*l**2 - 16*l + 3. Let g be w(-16). Suppose -2*j + 114 = g*q, q - 4*j = -3*q + 172. Suppose c - q = -c. List the prime factors of c.
2, 5
Suppose -g = 5*m + g - 215, m = 2*g + 43. Let q be 4/(-14) - (-144)/14. Let x = m - q. List the prime factors of x.
3, 11
Suppose 6*y = y + 3*n + 944, -3*y + 3*n + 564 = 0. What are the prime factors of ((-8)/(-10))/(4/y)?
2, 19
What are the prime factors of 35 + 2217 + 1 + 9?
2, 3, 13, 29
Let d(o) = o**3 + 10*o**2 - 11*o + 2. Let y be d(-11). Suppose -y + 4 = j. What are the prime factors of (-52 - 0)*j/(-4)?
2, 13
Let a = 96 + -102. Let n(w) = -w**3 - 6*w**2 - 9*w + 4. What are the prime factors of n(a)?
2, 29
Let b(z) be the first derivative of -z**4/2 + 2*z**3/3 + z + 2. Suppose 0 = -4*s + 6 - 14. List the prime factors of b(s).
5
Let n = 0 - 0. Let x(t) = 6 - 6*t + t**2 + n*t**2 + 1 + t. List the prime factors of x(5).
7
Suppose 0*i + 4*a = 3*i - 15, 5*i + 3*a = -4. List the prime factors of 167*i + (-51)/17.
2, 41
Let i(d) = 356*d - 312. What are the prime factors of i(7)?
2, 5, 109
Suppose -301 = 5*u - 5*o - 1886, 0 = 2*u - o - 635. List the prime factors of u.
2, 3, 53
Let q = 44 - 8. Suppose i = -q + 86. What are the prime factors of i?
2, 5
List the prime factors of -1 + 1 + -1 + (-28770)/(-35).
821
Let a be (1 + 1 - 1)*-2. Let c be -6 - (-8 - (8 - 6)). List the prime